+ 32. Let w be (48/m)/((-21)/15 + 1). What is the highest common factor of 4 and w?
4
Let v = -649 + 655. Calculate the greatest common factor of v and 150.
6
Suppose 0*v + 24 = 2*v. Let c be v/(-18) - 5/(-3). Let j be (c - 0)*-1 + 18. What is the greatest common factor of j and 119?
17
Suppose 2*g - 7*h - 50 = -2*h, 4*h - 14 = -2*g. Let k(a) = -3*a**2 - 125*a + 53. Let b be k(-41). What is the highest common divisor of g and b?
15
Let t(d) = d**3 - 17*d**2 + 2*d - 19. Let l be t(17). Let o = -127 - -247. Calculate the greatest common factor of l and o.
15
Let z be 28/20 - (-22097)/95. What is the greatest common factor of z and 162?
18
Suppose -2*l + 29 = -15. Suppose -k + 52 = 5*q, -k = 3*q - 9 - 21. Calculate the highest common factor of q and l.
11
Let i(v) be the second derivative of 11*v**5/4 - v**3/3 + v**2/2 - 7*v. Let q be i(1). Calculate the highest common factor of q and 18.
18
Suppose -d + 1799 = 2*d - 5*a, 3*d = 3*a + 1803. What is the greatest common divisor of 268 and d?
67
Let h = 24 + -24. Suppose 9*u - 7*u - 16 = h. Calculate the highest common factor of 40 and u.
8
Suppose -2*d + 3*n = -307 - 76, -178 = -d - 3*n. What is the greatest common factor of d and 77?
11
Let r = 474 + -449. Calculate the highest common factor of r and 575.
25
Let y(w) = 31*w**3 + 1. Let f be y(-2). Let u = -67 - f. What is the highest common factor of 18 and u?
18
Let h(y) = y**3 + 3*y**2 - 4*y + 5. Let f be h(-4). Suppose 5*j + 500 = f*q, -26 = -q - j + 72. Calculate the greatest common factor of q and 11.
11
Suppose -5*y - 3 = 2. Let n be 9/2*(y - -3). Suppose 0*k - 4*g = 3*k + 11, 0 = 3*k - 3*g - 24. What is the highest common divisor of n and k?
3
Suppose 6*x + 82 = s + 8*x, 3*x = 3*s - 201. Calculate the highest common divisor of s and 8.
8
Suppose -4*u = -x - 15, -2*u = -x - 0 - 7. Let d be 6887/1136 + 2/(-32). Let s = d - u. What is the highest common divisor of 14 and s?
2
Let z(i) = i**3 + 22*i**2 + 41*i + 37. Let y be z(-19). What is the greatest common divisor of 124 and y?
31
Suppose 386 = 2*b + 3*i, 569 = 3*b - 9*i + 11*i. Calculate the highest common divisor of b and 51.
17
Let l be 1/2*8 - -3. Suppose 2*k - l = 53. Calculate the highest common factor of 10 and k.
10
Let c = -939 - -949. What is the highest common factor of c and 50?
10
Suppose -1466 = -2*q + 7*g - 8*g, -2*g + 3667 = 5*q. Calculate the highest common divisor of 1029 and q.
147
Let p be ((-5)/(-5))/(4/24). Calculate the greatest common divisor of 123 and p.
3
Suppose 4*x = 0, -2*x = -0*k + 3*k - 81. Let h = -17 + k. Calculate the greatest common divisor of 2 and h.
2
Suppose -t - 62 = -3*t. Let n = -1 + t. Let g be (n/(-20))/(1/(-2)). What is the greatest common factor of 9 and g?
3
Let x(t) = -16*t + 25. Suppose 24 = -2*f + 2*c + 2*c, 2*f + 4*c = 0. Let b be x(f). Calculate the greatest common divisor of b and 11.
11
Suppose -3*j + y + 36 = 2*j, 5*j - 5*y - 20 = 0. Let l = 55 + j. What is the greatest common factor of 18 and l?
9
Let f be ((-7)/(-8)*-2)/((-1)/4). Suppose -f - 13 = -5*a. What is the greatest common divisor of a and 2?
2
Let x(g) = 81*g**3 + g**2 - g. Let p be x(1). Let h = p - 72. What is the greatest common divisor of 9 and h?
9
Let k(z) = -29*z - 51. Let x be k(-3). Calculate the greatest common factor of 324 and x.
36
Let d(w) = -31*w**3 - w + 6. Let u be d(-2). Calculate the highest common divisor of 32 and u.
32
Let r be (7 + -5)/(4/8). Calculate the highest common divisor of 52 and r.
4
Suppose p - 5*p + 20 = 0. Suppose -3 = 3*g, -29 = -3*u - 4*g + 27. Calculate the greatest common divisor of p and u.
5
Let o(r) = 51*r**3 - r + 2. Let w be 18/22 + 4/22. Let i be o(w). Calculate the greatest common divisor of i and 4.
4
Let m(w) = 8*w**2 - 27*w - 81. Let a be m(-3). What is the greatest common divisor of a and 408?
24
Suppose 0 = -w - 19 + 22. Suppose -w*o = -14*o + 55. What is the highest common factor of o and 55?
5
Let o(w) = w**2 - 14. Let c be o(0). Let u = 18 + c. Calculate the highest common divisor of u and 4.
4
Let d(y) = y. Let h(l) = -4*l + 2. Let x(b) = 3*d(b) + h(b). Let k be x(-5). Let z = -3 - -31. Calculate the greatest common divisor of k and z.
7
Let r be 19613/165 - (-4)/30. Calculate the greatest common divisor of r and 77.
7
Suppose 116 = 3*q - 97. What is the highest common factor of 1207 and q?
71
Let w(u) = u + 22. Let r be w(-18). Suppose -r*l + 2 = -78. Suppose 0 = -3*x + 3*s + 87, 2*x = -2*x + s + 119. Calculate the highest common divisor of x and l.
10
Let f be (0 - 2)*(-8 - -2). Suppose -q - c - f = -3*q, -4*q - 5*c + 10 = 0. What is the highest common factor of q and 15?
5
Suppose 4 = 9*v - 8*v. Suppose -60 = -8*n + 3*n + 4*m, 5*m + 57 = v*n. Calculate the highest common divisor of 20 and n.
4
Let i be 51/2*(-12)/(-18). Let h = 1036 + -1019. What is the highest common divisor of h and i?
17
Suppose -4*o + 2*o + 308 = 0. Let b be (-71 + 68)*11/(-3)*2. Calculate the greatest common factor of o and b.
22
Suppose 29*t = 23967 + 15618. What is the highest common factor of t and 130?
65
Let m(q) = -20*q + 34. Let r be m(-3). What is the highest common factor of r and 47?
47
Suppose 0*l + 264 = -3*l + 3*m, 3*l + 2*m + 259 = 0. Let h = -58 - l. Calculate the highest common divisor of h and 29.
29
Suppose 87 = 10*q - 293. Calculate the greatest common factor of q and 8.
2
Let c = -59 - -82. Let y(m) = -2*m**3 - 4*m**2 - 4*m - 3. Let a be y(-2). Suppose x - c = -a. What is the greatest common factor of 6 and x?
6
Suppose 2*l - l = 2*j - 3, 2*l - 5*j = -5. Let x be l*11*8/(-5). Let d be (-115)/(-15) - (-1 - 4/(-6)). Calculate the highest common factor of d and x.
8
Suppose 0*x - x = 5, 24 = r - 2*x. Let o(z) = -33*z - 4. Let g be o(-1). Let s = g + -15. Calculate the greatest common divisor of r and s.
14
Suppose 5*f + 0*f + 25 = 2*n, 4*n = -3*f + 63. What is the highest common factor of n and 1200?
15
Let s = -3 + 5. Suppose 2*p - 2*y = 24 - 8, 0 = s*p - 5*y - 10. Let t = p + -7. Calculate the highest common divisor of t and 1.
1
Suppose -238*a + 301 = -231*a. Calculate the greatest common divisor of 43 and a.
43
Let x be ((-4)/5)/(21/(-20) + 1). What is the highest common factor of 40 and x?
8
Let d be 1020/153 - (-2)/6. Calculate the highest common factor of 26 and d.
1
Suppose -a = 3*s, -4*a = 3*s - 2*s + 11. Let f = 3 + s. Let d(u) = 11*u**2 + 2*u + 1. Let l be d(-1). What is the highest common factor of l and f?
2
Suppose 4*k = -2*o + 12, o = -k + 3 + 1. Suppose -22 = -o*m - 4*d, 3*d + 2*d = -20. What is the greatest common divisor of 19 and m?
19
Let p = -82 - -153. Let j = 86 - p. What is the greatest common factor of j and 15?
15
Let j(f) = 6*f**2 + 2*f**3 - 3*f**3 + 1 - 2 - 5*f. Let b be j(3). Suppose -3*h + 16 + 149 = 0. Calculate the greatest common divisor of h and b.
11
Let y = 24 + -10. Suppose -y = -2*m - 5*v, 6 = -4*m + 5*v + 4. Suppose -4*j = m*j - 12. Calculate the greatest common divisor of j and 6.
2
Suppose -4*c - 12 = -r, -3*r + 2*r - c = 3. Suppose 0 = 5*q - m - 204, r = 2*q - m - 46 - 38. What is the greatest common divisor of q and 60?
20
Let l = 3 - -1. Let k = 8 - l. Suppose 5*i = -k*v + 37, 3*i + 37 = 6*v - v. Calculate the greatest common divisor of v and 8.
8
Suppose 19*b - 240 = 17*b + 2*t, -b + 120 = -4*t. Let v(m) = m**2 - 4. Let l be v(-4). What is the highest common divisor of b and l?
12
Suppose 0*g - 3*u = 5*g - 45, -3*u = 0. Suppose -g + 14 = z. Suppose -z*f = -22 - 8. What is the highest common divisor of 2 and f?
2
Let z(v) = 3*v**3 - 7*v - 4. Let t be z(3). Calculate the highest common factor of 42 and t.
14
Suppose -i = -4 + 1. Let j(c) = c**3 - 2*c**2 - 2*c + 234. Let y be j(0). Let k be (2/i)/(12/y). Calculate the greatest common divisor of k and 26.
13
Suppose 2*u + 1315 = 3*m, -17*u + 2193 = 5*m - 21*u. What is the greatest common divisor of 23 and m?
23
Suppose -2*z + 34*z = 416. Calculate the greatest common divisor of 221 and z.
13
Let r = 72 + 76. Let b = r - 143. Let p be 4 + 2 + (1 - 2). Calculate the greatest common divisor of p and b.
5
Let h = 248 + -243. Let j(o) = o**2 + 7*o + 8. Let g be j(-6). Suppose g*w - 1 - 28 = -3*m, h*w - 60 = 5*m. Calculate the highest common divisor of 117 and w.
13
Let c(x) = 2*x + 1. Let h be c(1). Let b be 1*(2 - 234/(-3)). Suppose h*j = 